{"id":1403,"date":"2023-10-12T12:40:30","date_gmt":"2023-10-12T12:40:30","guid":{"rendered":"https:\/\/wp1.themevibrant.com\/newwp\/royalking\/?page_id=1403"},"modified":"2024-10-25T13:33:17","modified_gmt":"2024-10-25T13:33:17","slug":"iletisim","status":"publish","type":"page","link":"https:\/\/musgalov.com\/index.php\/iletisim\/","title":{"rendered":"\u0130leti\u015fim"},"content":{"rendered":"\t\t<div data-elementor-type=\"wp-page\" data-elementor-id=\"1403\" class=\"elementor elementor-1403\">\n\t\t\t\t<div class=\"elementor-element elementor-element-5aac351 e-flex e-con-boxed e-con e-parent\" data-id=\"5aac351\" data-element_type=\"container\">\n\t\t\t\t\t<div class=\"e-con-inner\">\n\t\t<div class=\"elementor-element elementor-element-ffec0f5 e-con-full e-flex e-con e-child\" data-id=\"ffec0f5\" data-element_type=\"container\">\n\t\t\t\t<div class=\"elementor-element elementor-element-91178c1 elementor-widget elementor-widget-image\" data-id=\"91178c1\" data-element_type=\"widget\" data-widget_type=\"image.default\">\n\t\t\t\t<div class=\"elementor-widget-container\">\n\t\t\t\t\t\t\t\t\t\t\t\t\t\t\t<img decoding=\"async\" width=\"64\" height=\"64\" src=\"https:\/\/musgalov.com\/wp-content\/uploads\/2024\/10\/phone-1.png\" class=\"attachment-large size-large wp-image-2102\" alt=\"\" \/>\t\t\t\t\t\t\t\t\t\t\t\t\t\t\t<\/div>\n\t\t\t\t<\/div>\n\t\t\t\t<div class=\"elementor-element elementor-element-087d0ff elementor-widget elementor-widget-heading\" data-id=\"087d0ff\" data-element_type=\"widget\" data-widget_type=\"heading.default\">\n\t\t\t\t<div class=\"elementor-widget-container\">\n\t\t\t\t\t<h6 class=\"elementor-heading-title elementor-size-default\">0 538 305 42 72<\/h6>\t\t\t\t<\/div>\n\t\t\t\t<\/div>\n\t\t\t\t<\/div>\n\t\t<div class=\"elementor-element elementor-element-a467ba0 e-con-full e-flex e-con e-child\" data-id=\"a467ba0\" data-element_type=\"container\">\n\t\t\t\t<div class=\"elementor-element elementor-element-5675596 elementor-widget elementor-widget-image\" data-id=\"5675596\" data-element_type=\"widget\" data-widget_type=\"image.default\">\n\t\t\t\t<div class=\"elementor-widget-container\">\n\t\t\t\t\t\t\t\t\t\t\t\t\t\t\t<img decoding=\"async\" width=\"64\" height=\"64\" src=\"https:\/\/musgalov.com\/wp-content\/uploads\/2024\/10\/map-1.png\" class=\"attachment-large size-large wp-image-2103\" alt=\"\" \/>\t\t\t\t\t\t\t\t\t\t\t\t\t\t\t<\/div>\n\t\t\t\t<\/div>\n\t\t\t\t<div class=\"elementor-element elementor-element-dc8ee57 elementor-widget elementor-widget-heading\" data-id=\"dc8ee57\" data-element_type=\"widget\" data-widget_type=\"heading.default\">\n\t\t\t\t<div class=\"elementor-widget-container\">\n\t\t\t\t\t<h6 class=\"elementor-heading-title elementor-size-default\">\u00c7ukur\u00e7ay\u0131r, Cami Sk. 19\/a <\/h6>\t\t\t\t<\/div>\n\t\t\t\t<\/div>\n\t\t\t\t<div class=\"elementor-element elementor-element-cb7e778 elementor-widget elementor-widget-heading\" data-id=\"cb7e778\" data-element_type=\"widget\" data-widget_type=\"heading.default\">\n\t\t\t\t<div class=\"elementor-widget-container\">\n\t\t\t\t\t<div class=\"elementor-heading-title elementor-size-default\">Ortahisar\/Trabzon<\/div>\t\t\t\t<\/div>\n\t\t\t\t<\/div>\n\t\t\t\t<div class=\"elementor-element elementor-element-f5e65f3 elementor-align-center elementor-widget elementor-widget-button\" data-id=\"f5e65f3\" data-element_type=\"widget\" data-widget_type=\"button.default\">\n\t\t\t\t<div class=\"elementor-widget-container\">\n\t\t\t\t\t\t\t\t\t<div class=\"elementor-button-wrapper\">\n\t\t\t\t\t<a class=\"elementor-button elementor-button-link elementor-size-sm\" href=\"https:\/\/api.whatsapp.com\/send\/?phone=905383054272&#038;text&#038;type=phone_number&#038;app_absent=0\" target=\"_blank\" rel=\"noopener\">\n\t\t\t\t\t\t<span class=\"elementor-button-content-wrapper\">\n\t\t\t\t\t\t\t\t\t<span class=\"elementor-button-text\">\u0130leti\u015fim<\/span>\n\t\t\t\t\t<\/span>\n\t\t\t\t\t<\/a>\n\t\t\t\t<\/div>\n\t\t\t\t\t\t\t\t<\/div>\n\t\t\t\t<\/div>\n\t\t\t\t<\/div>\n\t\t<div class=\"elementor-element elementor-element-c271b53 e-con-full e-flex e-con e-child\" data-id=\"c271b53\" data-element_type=\"container\">\n\t\t\t\t<div class=\"elementor-element elementor-element-119668d elementor-widget elementor-widget-image\" data-id=\"119668d\" data-element_type=\"widget\" data-widget_type=\"image.default\">\n\t\t\t\t<div class=\"elementor-widget-container\">\n\t\t\t\t\t\t\t\t\t\t\t\t\t\t\t<img decoding=\"async\" width=\"64\" height=\"64\" src=\"https:\/\/musgalov.com\/wp-content\/uploads\/2024\/10\/email-4.png\" class=\"attachment-large size-large wp-image-2101\" alt=\"\" \/>\t\t\t\t\t\t\t\t\t\t\t\t\t\t\t<\/div>\n\t\t\t\t<\/div>\n\t\t\t\t<div class=\"elementor-element elementor-element-fdecee5 elementor-widget elementor-widget-heading\" data-id=\"fdecee5\" data-element_type=\"widget\" data-widget_type=\"heading.default\">\n\t\t\t\t<div class=\"elementor-widget-container\">\n\t\t\t\t\t<h6 class=\"elementor-heading-title elementor-size-default\">info@musgalov.com\n<\/h6>\t\t\t\t<\/div>\n\t\t\t\t<\/div>\n\t\t\t\t<div class=\"elementor-element elementor-element-d9e2f9a elementor-widget elementor-widget-heading\" data-id=\"d9e2f9a\" data-element_type=\"widget\" data-widget_type=\"heading.default\">\n\t\t\t\t<div class=\"elementor-widget-container\">\n\t\t\t\t\t<div class=\"elementor-heading-title elementor-size-default\">Bize Yaz\u0131n<\/div>\t\t\t\t<\/div>\n\t\t\t\t<\/div>\n\t\t\t\t<\/div>\n\t\t\t\t\t<\/div>\n\t\t\t\t<\/div>\n\t\t<div class=\"elementor-element elementor-element-5b0dcb7 e-flex e-con-boxed e-con e-parent\" data-id=\"5b0dcb7\" data-element_type=\"container\">\n\t\t\t\t\t<div class=\"e-con-inner\">\n\t\t\t\t<div class=\"elementor-element elementor-element-8636a64 elementor-widget elementor-widget-google_maps\" data-id=\"8636a64\" data-element_type=\"widget\" data-widget_type=\"google_maps.default\">\n\t\t\t\t<div class=\"elementor-widget-container\">\n\t\t\t\t\t\t\t<div class=\"elementor-custom-embed\">\n\t\t\t<iframe loading=\"lazy\"\n\t\t\t\t\tsrc=\"https:\/\/maps.google.com\/maps?q=%C3%87ukur%C3%A7ay%C4%B1r%2C%20cami%20yolu%20caddesi%20No%3A21%2C%2061000%20Ortahisar%2FTrabzon&#038;t=m&#038;z=14&#038;output=embed&#038;iwloc=near\"\n\t\t\t\t\ttitle=\"\u00c7ukur\u00e7ay\u0131r, cami yolu caddesi No:21, 61000 Ortahisar\/Trabzon\"\n\t\t\t\t\taria-label=\"\u00c7ukur\u00e7ay\u0131r, cami yolu caddesi No:21, 61000 Ortahisar\/Trabzon\"\n\t\t\t><\/iframe>\n\t\t<\/div>\n\t\t\t\t\t\t<\/div>\n\t\t\t\t<\/div>\n\t\t\t\t\t<\/div>\n\t\t\t\t<\/div>\n\t\t\t\t<\/div>\n\t\t","protected":false},"excerpt":{"rendered":"<p>0 538 305 42 72 \u00c7ukur\u00e7ay\u0131r, Cami Sk. 19\/a Ortahisar\/Trabzon \u0130leti\u015fim info@musgalov.com Bize Yaz\u0131n<\/p>\n","protected":false},"author":2,"featured_media":0,"parent":0,"menu_order":0,"comment_status":"closed","ping_status":"closed","template":"tpl-default-elementor.php","meta":{"footnotes":""},"class_list":["post-1403","page","type-page","status-publish","hentry"],"_links":{"self":[{"href":"https:\/\/musgalov.com\/index.php\/wp-json\/wp\/v2\/pages\/1403","targetHints":{"allow":["GET"]}}],"collection":[{"href":"https:\/\/musgalov.com\/index.php\/wp-json\/wp\/v2\/pages"}],"about":[{"href":"https:\/\/musgalov.com\/index.php\/wp-json\/wp\/v2\/types\/page"}],"author":[{"embeddable":true,"href":"https:\/\/musgalov.com\/index.php\/wp-json\/wp\/v2\/users\/2"}],"replies":[{"embeddable":true,"href":"https:\/\/musgalov.com\/index.php\/wp-json\/wp\/v2\/comments?post=1403"}],"version-history":[{"count":19,"href":"https:\/\/musgalov.com\/index.php\/wp-json\/wp\/v2\/pages\/1403\/revisions"}],"predecessor-version":[{"id":2656,"href":"https:\/\/musgalov.com\/index.php\/wp-json\/wp\/v2\/pages\/1403\/revisions\/2656"}],"wp:attachment":[{"href":"https:\/\/musgalov.com\/index.php\/wp-json\/wp\/v2\/media?parent=1403"}],"curies":[{"name":"wp","href":"https:\/\/api.w.org\/{rel}","templated":true}]}}